{"id":68,"date":"2026-02-20T16:31:17","date_gmt":"2026-02-20T16:31:17","guid":{"rendered":"http:\/\/neenflk.cluster121.hosting.ovh.net\/?page_id=68"},"modified":"2026-04-16T12:39:27","modified_gmt":"2026-04-16T11:39:27","slug":"successions-droit-de-la-famille","status":"publish","type":"page","link":"https:\/\/office44081.fr\/index.php\/successions-droit-de-la-famille\/","title":{"rendered":"Droit de la Famille: mariage, donation, succession&#8230;"},"content":{"rendered":"\n<div class=\"wp-block-cover alignwide wp-elements-629f4331ac4806b3c2fbd7d022d4aa47\" style=\"min-height:266px;aspect-ratio:unset;\"><img loading=\"lazy\" decoding=\"async\" width=\"1024\" height=\"576\" class=\"wp-block-cover__image-background wp-image-398 size-large\" alt=\"\" src=\"https:\/\/office44081.fr\/wp-content\/uploads\/2026\/03\/Design-sans-titre-1-1024x576.png\" data-object-fit=\"cover\" srcset=\"https:\/\/office44081.fr\/wp-content\/uploads\/2026\/03\/Design-sans-titre-1-1024x576.png 1024w, https:\/\/office44081.fr\/wp-content\/uploads\/2026\/03\/Design-sans-titre-1-300x169.png 300w, https:\/\/office44081.fr\/wp-content\/uploads\/2026\/03\/Design-sans-titre-1-768x432.png 768w, https:\/\/office44081.fr\/wp-content\/uploads\/2026\/03\/Design-sans-titre-1-1536x864.png 1536w, https:\/\/office44081.fr\/wp-content\/uploads\/2026\/03\/Design-sans-titre-1.png 1920w\" sizes=\"auto, (max-width: 1024px) 100vw, 1024px\" \/><span aria-hidden=\"true\" class=\"wp-block-cover__background has-background-dim\"><\/span><div class=\"wp-block-cover__inner-container is-layout-constrained wp-block-cover-is-layout-constrained\">\n<p class=\"has-text-align-center has-ast-global-color-4-color has-text-color has-link-color has-x-large-font-size wp-elements-495439acb8e14a34f3cb129547132eb6\" style=\"margin-top:var(--wp--preset--spacing--40);margin-bottom:var(--wp--preset--spacing--40)\">Droit de la Famille<\/p>\n<\/div><\/div>\n\n\n\n<div class=\"wp-block-group is-layout-constrained wp-block-group-is-layout-constrained\">\n<h2 class=\"wp-block-heading\"><strong>Accompagner les moments essentiels de la vie familiale<\/strong><\/h2>\n\n\n\n<p>Le droit de la famille concerne les d\u00e9cisions importantes qui jalonnent la vie personnelle et patrimoniale.<\/p>\n\n\n\n<p>Mariage, protection du conjoint, donation, succession, transmission ou anticipation de situations futures : l\u2019office vous accompagne avec \u00e9coute, clart\u00e9 et s\u00e9curit\u00e9 juridique.<\/p>\n\n\n\n<p>Notre r\u00f4le est de vous conseiller avec impartialit\u00e9 et de vous proposer les solutions adapt\u00e9es \u00e0 votre situation familiale.<\/p>\n<\/div>\n\n\n\n<h2 class=\"wp-block-heading has-text-align-center\"><strong>Les domaines du droit de la famille<\/strong><\/h2>\n\n\n\n<div class=\"wp-block-columns is-layout-flex wp-container-core-columns-is-layout-28f84493 wp-block-columns-is-layout-flex\">\n<div class=\"wp-block-column has-border-color has-ast-global-color-3-border-color is-layout-flow wp-block-column-is-layout-flow\" style=\"border-width:2px;padding-top:var(--wp--preset--spacing--20);padding-right:var(--wp--preset--spacing--30);padding-bottom:var(--wp--preset--spacing--20);padding-left:var(--wp--preset--spacing--30)\">\n<h3 class=\"wp-block-heading\">\u25c7 Mariage, PACS et organisation du couple<\/h3>\n\n\n\n<p>Le choix du cadre juridique du couple produit des effets importants sur le patrimoine, la gestion des biens et la protection du conjoint.<\/p>\n\n\n\n<p>Nous vous accompagnons notamment pour :<\/p>\n\n\n\n<ul class=\"wp-block-list\">\n<li>contrat de mariage<\/li>\n\n\n\n<li>changement de r\u00e9gime matrimonial<\/li>\n\n\n\n<li>PACS<\/li>\n\n\n\n<li>organisation patrimoniale du couple<\/li>\n\n\n\n<li>protection du conjoint ou partenaire<\/li>\n<\/ul>\n<\/div>\n\n\n\n<div class=\"wp-block-column has-border-color has-ast-global-color-3-border-color is-layout-flow wp-block-column-is-layout-flow\" style=\"border-width:2px;padding-top:var(--wp--preset--spacing--30);padding-right:var(--wp--preset--spacing--40);padding-bottom:var(--wp--preset--spacing--30);padding-left:var(--wp--preset--spacing--40)\">\n<h3 class=\"wp-block-heading\">\u25c7 Divorce, s\u00e9paration et partage des biens<\/h3>\n\n\n\n<p>Lors d\u2019une s\u00e9paration ou d\u2019un divorce, les cons\u00e9quences patrimoniales n\u00e9cessitent souvent l\u2019intervention du notaire afin d\u2019organiser le partage des biens et de s\u00e9curiser les accords conclus.<\/p>\n\n\n\n<p>L\u2019\u00e9tude peut intervenir notamment pour :<\/p>\n\n\n\n<ul class=\"wp-block-list\">\n<li>liquidation du r\u00e9gime matrimonial<\/li>\n\n\n\n<li>partage des biens communs ou indivis<\/li>\n\n\n\n<li>\u00e9tablissement de l\u2019\u00e9tat liquidatif<\/li>\n\n\n\n<li>bien immobilier d\u00e9tenu en commun<\/li>\n\n\n\n<li>divorce par consentement mutuel<\/li>\n\n\n\n<li>accompagnement patrimonial post-s\u00e9paration<\/li>\n<\/ul>\n<\/div>\n<\/div>\n\n\n\n<div class=\"wp-block-columns is-layout-flex wp-container-core-columns-is-layout-28f84493 wp-block-columns-is-layout-flex\">\n<div class=\"wp-block-column has-border-color has-ast-global-color-3-border-color is-layout-flow wp-block-column-is-layout-flow\" style=\"border-width:2px;padding-top:var(--wp--preset--spacing--20);padding-right:var(--wp--preset--spacing--40);padding-bottom:var(--wp--preset--spacing--20);padding-left:var(--wp--preset--spacing--40)\">\n<div class=\"wp-block-group is-layout-constrained wp-block-group-is-layout-constrained\">\n<h3 class=\"wp-block-heading\">\u25c7 Donations, transmission et successions<\/h3>\n\n\n\n<p>Anticiper ou organiser la transmission du patrimoine permet souvent de pr\u00e9server les \u00e9quilibres familiaux et de prot\u00e9ger ses proches.<\/p>\n<\/div>\n\n\n\n<p>Nous vous accompagnons notamment pour :<\/p>\n\n\n\n<ul class=\"wp-block-list\">\n<li>donation simple<\/li>\n\n\n\n<li>donation-partage<\/li>\n\n\n\n<li>donation entre \u00e9poux<\/li>\n\n\n\n<li>transmission aux enfants<\/li>\n\n\n\n<li>ouverture de succession<\/li>\n\n\n\n<li>partage entre h\u00e9ritiers<\/li>\n\n\n\n<li>d\u00e9claration de succession<\/li>\n<\/ul>\n<\/div>\n\n\n\n<div class=\"wp-block-column has-border-color has-ast-global-color-3-border-color is-layout-flow wp-block-column-is-layout-flow\" style=\"border-width:2px;padding-top:var(--wp--preset--spacing--30);padding-right:var(--wp--preset--spacing--40);padding-bottom:var(--wp--preset--spacing--30);padding-left:var(--wp--preset--spacing--40)\">\n<h3 class=\"wp-block-heading\">\u25c7 Protection et anticipation<\/h3>\n\n\n\n<p>Certaines situations n\u00e9cessitent de pr\u00e9parer juridiquement l\u2019avenir ou d\u2019anticiper une perte d\u2019autonomie.<\/p>\n\n\n\n<p>L\u2019office peut vous conseiller pour :<\/p>\n\n\n\n<ul class=\"wp-block-list\">\n<li>testament<\/li>\n\n\n\n<li>mandat de protection future<\/li>\n\n\n\n<li>habilitation familiale<\/li>\n\n\n\n<li>protection du conjoint survivant<\/li>\n\n\n\n<li>organisation patrimoniale en cas de vuln\u00e9rabilit\u00e9<\/li>\n<\/ul>\n<\/div>\n<\/div>\n\n\n\n<div class=\"wp-block-group has-ast-global-color-7-background-color has-background is-layout-constrained wp-block-group-is-layout-constrained\">\n<h2 class=\"wp-block-heading\"><strong>Un accompagnement sur mesure<\/strong><\/h2>\n\n\n\n<p>Chaque famille pr\u00e9sente une situation particuli\u00e8re.<\/p>\n\n\n\n<p>Nous vous accompagnons avec discr\u00e9tion, p\u00e9dagogie et impartialit\u00e9 afin de vous permettre de prendre des d\u00e9cisions \u00e9clair\u00e9es dans un cadre juridique s\u00e9curis\u00e9.<\/p>\n\n\n\n<p>Notre objectif est de pr\u00e9server les \u00e9quilibres familiaux tout en s\u00e9curisant vos int\u00e9r\u00eats et ceux de vos proches.<\/p>\n<\/div>\n\n\n\n<div style=\"height:66px\" aria-hidden=\"true\" class=\"wp-block-spacer\"><\/div>\n\n\n\n<h2 class=\"wp-block-heading\"><strong>Pr\u00e9parer votre rendez-vous<\/strong><\/h2>\n\n\n\n<p>Selon votre situation, certains documents ou informations pourront \u00eatre utiles \u00e0 l\u2019\u00e9tude, notamment:<\/p>\n\n\n\n<div class=\"wp-block-columns is-layout-flex wp-container-core-columns-is-layout-28f84493 wp-block-columns-is-layout-flex\">\n<div class=\"wp-block-column is-layout-flow wp-block-column-is-layout-flow\">\n<h4 class=\"wp-block-heading\"><span style=\"text-decoration: underline;\">Documents d&rsquo;identit\u00e9<\/span><\/h4>\n\n\n\n<ul class=\"wp-block-list\">\n<li>Pi\u00e8ce d&rsquo;identit\u00e9 (carte nationale d&rsquo;identit\u00e9, passeport, titre de s\u00e9jour)<\/li>\n\n\n\n<li>Livret de famille<\/li>\n\n\n\n<li>Questionnaire d&rsquo;\u00e9tat civil \u00e0 compl\u00e9ter<\/li>\n<\/ul>\n<\/div>\n\n\n\n<div class=\"wp-block-column is-layout-flow wp-block-column-is-layout-flow\">\n<h4 class=\"wp-block-heading\"><span style=\"text-decoration: underline;\">Situation familiale<\/span><\/h4>\n\n\n\n<ul class=\"wp-block-list\">\n<li>Contrat de mariage <\/li>\n\n\n\n<li>PACS avec attestation d&rsquo;enregistrement<\/li>\n\n\n\n<li>Jugement de divorce<\/li>\n<\/ul>\n<\/div>\n\n\n\n<div class=\"wp-block-column is-layout-flow wp-block-column-is-layout-flow\">\n<h4 class=\"wp-block-heading\"><span style=\"text-decoration: underline;\">Pi\u00e8ces pour une succession<\/span><\/h4>\n\n\n\n<ul class=\"wp-block-list\">\n<li>Acte de d\u00e9c\u00e8s<\/li>\n\n\n\n<li>Livret de famille du d\u00e9funt<\/li>\n\n\n\n<li>Liste des h\u00e9ritiers<\/li>\n\n\n\n<li>Patrimoine et dettes <br>(voir le guide ci-dessous)<\/li>\n<\/ul>\n<\/div>\n<\/div>\n\n\n\n<p>Les pi\u00e8ces n\u00e9cessaires d\u00e9pendent de votre situation personnelle. L\u2019\u00e9tude vous pr\u00e9cisera les \u00e9l\u00e9ments utiles en amont du rendez-vous.<\/p>\n\n\n\n<h2 class=\"wp-block-heading\"><strong>Documents t\u00e9l\u00e9chargeables<\/strong><\/h2>\n\n\n\n<div class=\"wp-block-file\"><a id=\"wp-block-file--media-0254c21e-86b4-44bd-b747-b5a247bdff93\" href=\"http:\/\/neenflk.cluster121.hosting.ovh.net\/wp-content\/uploads\/2026\/03\/Questionnaire-etat-civil.pdf\">Questionnaire \u00e9tat civil<\/a><a href=\"http:\/\/neenflk.cluster121.hosting.ovh.net\/wp-content\/uploads\/2026\/03\/Questionnaire-etat-civil.pdf\" class=\"wp-block-file__button wp-element-button\" download aria-describedby=\"wp-block-file--media-0254c21e-86b4-44bd-b747-b5a247bdff93\">Download<\/a><\/div>\n\n\n\n<div class=\"wp-block-file\"><a id=\"wp-block-file--media-2ea00984-6fe6-4cbc-a484-89e3473f94bd\" href=\"http:\/\/neenflk.cluster121.hosting.ovh.net\/wp-content\/uploads\/2026\/03\/Guide-succession.pdf\">Guide-succession<\/a><a href=\"http:\/\/neenflk.cluster121.hosting.ovh.net\/wp-content\/uploads\/2026\/03\/Guide-succession.pdf\" class=\"wp-block-file__button wp-element-button\" download aria-describedby=\"wp-block-file--media-2ea00984-6fe6-4cbc-a484-89e3473f94bd\">Download<\/a><\/div>\n\n\n\n<div style=\"height:37px\" aria-hidden=\"true\" class=\"wp-block-spacer\"><\/div>\n\n\n\n<div class=\"wp-block-group has-ast-global-color-0-background-color has-background is-layout-constrained wp-block-group-is-layout-constrained\" style=\"padding-top:60px;padding-bottom:60px\">\n<h4 class=\"wp-block-heading has-text-align-center has-white-color has-text-color has-link-color has-large-font-size wp-elements-f38a2fc3277f1c8ba2fa582327315376\">Vous avez un projet ou une question en droit de la famille ?<\/h4>\n\n\n\n<p class=\"has-text-align-center has-ast-global-color-7-color has-text-color has-link-color wp-elements-9b2f95f8cfc40d7ea3507b38ffec40a8\"><font dir=\"auto\" style=\"vertical-align: inherit;\"><font dir=\"auto\" style=\"vertical-align: inherit;\">Contactez l&rsquo;\u00e9tude notariale de Ma\u00eetre Florence BOUVIER pour un rendez-vous personnalis\u00e9.<\/font><\/font><\/p>\n\n\n\n<div class=\"wp-block-buttons is-content-justification-center is-layout-flex wp-container-core-buttons-is-layout-a89b3969 wp-block-buttons-is-layout-flex\">\n<div class=\"wp-block-button has-custom-width wp-block-button__width-25 is-style-fill\"><a class=\"wp-block-button__link has-ast-global-color-1-color has-ast-global-color-4-background-color has-text-color has-background has-link-color wp-element-button\" href=\"http:\/\/neenflk.cluster121.hosting.ovh.net\/index.php\/rendez-vous\/\" style=\"border-style:none;border-width:0px;border-top-left-radius:25px;border-top-right-radius:25px;border-bottom-left-radius:25px;border-bottom-right-radius:25px;padding-right:0;padding-left:0\">Prendre rendez-vous<\/a><\/div>\n<\/div>\n<\/div>\n\n\n\n<div style=\"height:59px\" aria-hidden=\"true\" class=\"wp-block-spacer\"><\/div>\n\n\n\n<p><\/p>\n","protected":false},"excerpt":{"rendered":"<p>Accompagner les moments essentiels de la vie familiale Le droit de la famille concerne les d\u00e9cisions importantes qui jalonnent la [&hellip;]<\/p>\n","protected":false},"author":1,"featured_media":0,"parent":0,"menu_order":0,"comment_status":"closed","ping_status":"closed","template":"","meta":{"_uag_custom_page_level_css":"","site-sidebar-layout":"default","site-content-layout":"","ast-site-content-layout":"default","site-content-style":"default","site-sidebar-style":"default","ast-global-header-display":"","ast-banner-title-visibility":"","ast-main-header-display":"","ast-hfb-above-header-display":"","ast-hfb-below-header-display":"","ast-hfb-mobile-header-display":"","site-post-title":"disabled","ast-breadcrumbs-content":"","ast-featured-img":"","footer-sml-layout":"","ast-disable-related-posts":"","theme-transparent-header-meta":"","adv-header-id-meta":"","stick-header-meta":"","header-above-stick-meta":"","header-main-stick-meta":"","header-below-stick-meta":"","astra-migrate-meta-layouts":"default","ast-page-background-enabled":"default","ast-page-background-meta":{"desktop":{"background-color":"var(--ast-global-color-5)","background-image":"","background-repeat":"repeat","background-position":"center center","background-size":"auto","background-attachment":"scroll","background-type":"","background-media":"","overlay-type":"","overlay-color":"","overlay-opacity":"","overlay-gradient":""},"tablet":{"background-color":"","background-image":"","background-repeat":"repeat","background-position":"center center","background-size":"auto","background-attachment":"scroll","background-type":"","background-media":"","overlay-type":"","overlay-color":"","overlay-opacity":"","overlay-gradient":""},"mobile":{"background-color":"","background-image":"","background-repeat":"repeat","background-position":"center center","background-size":"auto","background-attachment":"scroll","background-type":"","background-media":"","overlay-type":"","overlay-color":"","overlay-opacity":"","overlay-gradient":""}},"ast-content-background-meta":{"desktop":{"background-color":"var(--ast-global-color-4)","background-image":"","background-repeat":"repeat","background-position":"center center","background-size":"auto","background-attachment":"scroll","background-type":"","background-media":"","overlay-type":"","overlay-color":"","overlay-opacity":"","overlay-gradient":""},"tablet":{"background-color":"var(--ast-global-color-4)","background-image":"","background-repeat":"repeat","background-position":"center center","background-size":"auto","background-attachment":"scroll","background-type":"","background-media":"","overlay-type":"","overlay-color":"","overlay-opacity":"","overlay-gradient":""},"mobile":{"background-color":"var(--ast-global-color-4)","background-image":"","background-repeat":"repeat","background-position":"center center","background-size":"auto","background-attachment":"scroll","background-type":"","background-media":"","overlay-type":"","overlay-color":"","overlay-opacity":"","overlay-gradient":""}},"footnotes":""},"class_list":["post-68","page","type-page","status-publish","hentry"],"uagb_featured_image_src":{"full":false,"thumbnail":false,"medium":false,"medium_large":false,"large":false,"1536x1536":false,"2048x2048":false},"uagb_author_info":{"display_name":"admin8335","author_link":"https:\/\/office44081.fr\/index.php\/author\/admin8335\/"},"uagb_comment_info":0,"uagb_excerpt":"Accompagner les moments essentiels de la vie familiale Le droit de la famille concerne les d\u00e9cisions importantes qui jalonnent la [&hellip;]","_links":{"self":[{"href":"https:\/\/office44081.fr\/index.php\/wp-json\/wp\/v2\/pages\/68","targetHints":{"allow":["GET"]}}],"collection":[{"href":"https:\/\/office44081.fr\/index.php\/wp-json\/wp\/v2\/pages"}],"about":[{"href":"https:\/\/office44081.fr\/index.php\/wp-json\/wp\/v2\/types\/page"}],"author":[{"embeddable":true,"href":"https:\/\/office44081.fr\/index.php\/wp-json\/wp\/v2\/users\/1"}],"replies":[{"embeddable":true,"href":"https:\/\/office44081.fr\/index.php\/wp-json\/wp\/v2\/comments?post=68"}],"version-history":[{"count":54,"href":"https:\/\/office44081.fr\/index.php\/wp-json\/wp\/v2\/pages\/68\/revisions"}],"predecessor-version":[{"id":487,"href":"https:\/\/office44081.fr\/index.php\/wp-json\/wp\/v2\/pages\/68\/revisions\/487"}],"wp:attachment":[{"href":"https:\/\/office44081.fr\/index.php\/wp-json\/wp\/v2\/media?parent=68"}],"curies":[{"name":"wp","href":"https:\/\/api.w.org\/{rel}","templated":true}]}}