{"id":28,"date":"2026-02-19T15:35:12","date_gmt":"2026-02-19T15:35:12","guid":{"rendered":"http:\/\/neenflk.cluster121.hosting.ovh.net\/?page_id=28"},"modified":"2026-04-16T11:24:24","modified_gmt":"2026-04-16T10:24:24","slug":"etude","status":"publish","type":"page","link":"https:\/\/office44081.fr\/index.php\/etude\/","title":{"rendered":"L&rsquo;Etude"},"content":{"rendered":"\n<div class=\"wp-block-group is-layout-constrained wp-block-group-is-layout-constrained\" style=\"padding-top:0;padding-bottom:0\">\n<div class=\"wp-block-columns is-not-stacked-on-mobile is-layout-flex wp-container-core-columns-is-layout-800806c7 wp-block-columns-is-layout-flex\" style=\"margin-top:var(--wp--preset--spacing--50);margin-bottom:var(--wp--preset--spacing--50);padding-right:0;padding-left:0\">\n<div class=\"wp-block-column is-layout-flow wp-block-column-is-layout-flow\" style=\"padding-right:-150px;padding-left:-150px;flex-basis:50%\">\n<h2 class=\"wp-block-heading\">L&rsquo;\u00e9tude<\/h2>\n\n\n\n<hr class=\"wp-block-separator has-alpha-channel-opacity is-style-wide\"\/>\n<\/div>\n\n\n\n<div class=\"wp-block-column is-layout-flow wp-block-column-is-layout-flow\" style=\"flex-basis:50%\"><\/div>\n<\/div>\n<\/div>\n\n\n\n<div class=\"wp-block-group has-text-color has-link-color has-medium-font-size wp-elements-248d0ad44b6676a98bb97e1b53b7a979 is-layout-constrained wp-container-core-group-is-layout-31b9e231 wp-block-group-is-layout-constrained\" style=\"color:#6c8da6;margin-top:0px;margin-bottom:0px;padding-top:20px;padding-right:30px;padding-bottom:20px;padding-left:30px\">\n<div class=\"wp-block-media-text has-media-on-the-right is-stacked-on-mobile\"><div class=\"wp-block-media-text__content\">\n<p>      Cr\u00e9\u00e9e en f\u00e9vrier 2026 au c\u0153ur de Vertou, l\u2019Office Notarial de Ma\u00eetre Florence BOUVIER vous accueillera lors des moments importants de votre vie \u00e0 la fois pour vos projets immobiliers, patrimoniaux et professionnels. <\/p>\n\n\n\n<p>      L\u2019Office a pour ambition de mettre \u00e0 votre disposition un service adapt\u00e9 \u00e0 vos besoins dans un environnement juridique et fiscal s\u00e9curis\u00e9.<\/p>\n<\/div><figure class=\"wp-block-media-text__media\"><img loading=\"lazy\" decoding=\"async\" width=\"1024\" height=\"788\" src=\"https:\/\/office44081.fr\/wp-content\/uploads\/2026\/02\/interieur-e1771742207296-1024x788.jpeg\" alt=\"\" class=\"wp-image-81 size-full\" srcset=\"https:\/\/office44081.fr\/wp-content\/uploads\/2026\/02\/interieur-e1771742207296-1024x788.jpeg 1024w, https:\/\/office44081.fr\/wp-content\/uploads\/2026\/02\/interieur-e1771742207296-300x231.jpeg 300w, https:\/\/office44081.fr\/wp-content\/uploads\/2026\/02\/interieur-e1771742207296-768x591.jpeg 768w, https:\/\/office44081.fr\/wp-content\/uploads\/2026\/02\/interieur-e1771742207296.jpeg 1296w\" sizes=\"auto, (max-width: 1024px) 100vw, 1024px\" \/><\/figure><\/div>\n<\/div>\n\n\n\n<div class=\"wp-block-group is-layout-constrained wp-block-group-is-layout-constrained\">\n<div class=\"wp-block-columns are-vertically-aligned-center is-layout-flex wp-container-core-columns-is-layout-e009f9c7 wp-block-columns-is-layout-flex\" style=\"margin-top:var(--wp--preset--spacing--50);margin-bottom:var(--wp--preset--spacing--50);padding-top:0;padding-right:0;padding-bottom:0;padding-left:0\">\n<div class=\"wp-block-column is-vertically-aligned-center is-layout-flow wp-block-column-is-layout-flow\">\n<hr class=\"wp-block-separator has-alpha-channel-opacity is-style-wide\"\/>\n<\/div>\n\n\n\n<div class=\"wp-block-column is-vertically-aligned-center is-layout-flow wp-block-column-is-layout-flow\" style=\"flex-basis:40px\">\n<p class=\"has-text-align-center has-x-large-font-size\" style=\"margin-top:0;margin-right:0;margin-bottom:0;margin-left:0\">\u2726<\/p>\n<\/div>\n\n\n\n<div class=\"wp-block-column is-vertically-aligned-center is-layout-flow wp-block-column-is-layout-flow\">\n<hr class=\"wp-block-separator has-alpha-channel-opacity is-style-wide\"\/>\n<\/div>\n<\/div>\n<\/div>\n\n\n\n<h3 class=\"wp-block-heading has-text-align-center\">La raison d&rsquo;\u00eatre du Notariat<\/h3>\n\n\n\n<div class=\"wp-block-group has-ast-global-color-7-background-color has-background is-layout-flow wp-block-group-is-layout-flow\" style=\"padding-top:var(--wp--preset--spacing--30);padding-right:0;padding-bottom:var(--wp--preset--spacing--30);padding-left:0\">\n<p class=\"has-text-align-center\" style=\"margin-top:0;margin-bottom:0\"><em>\u00ab&nbsp;Sous le sceau de l\u2019ETAT<\/em><\/p>\n\n\n\n<p class=\"has-text-align-center\" style=\"margin-top:0;margin-bottom:0\"><em>Conseiller avec rigueur et impartialit\u00e9<\/em><\/p>\n\n\n\n<p class=\"has-text-align-center\" style=\"margin-top:0;margin-bottom:0\"><em>Accompagner avec humanit\u00e9 et discr\u00e9tion<\/em><\/p>\n\n\n\n<p class=\"has-text-align-center\" style=\"margin-top:0;margin-bottom:0\"><em>Exprimer l\u2019\u00e9quilibre des volont\u00e9s dans le cadre par la loi<\/em><\/p>\n\n\n\n<p class=\"has-text-align-center\" style=\"margin-top:0;margin-bottom:0\"><em>Conserver les actes pour toujours<\/em><\/p>\n\n\n\n<p class=\"has-text-align-center\" style=\"margin-top:0;margin-bottom:0\"><em>Et agir ainsi pour la paix au c\u0153ur de la soci\u00e9t\u00e9.&nbsp;\u00bb<\/em><\/p>\n<\/div>\n\n\n\n<div style=\"height:40px\" aria-hidden=\"true\" class=\"wp-block-spacer\"><\/div>\n\n\n\n<div class=\"wp-block-group is-layout-constrained wp-block-group-is-layout-constrained\">\n<hr class=\"wp-block-separator has-alpha-channel-opacity is-style-wide\" style=\"margin-top:var(--wp--preset--spacing--60);margin-bottom:var(--wp--preset--spacing--60)\"\/>\n<\/div>\n\n\n\n<div class=\"wp-block-columns is-layout-flex wp-container-core-columns-is-layout-bda04276 wp-block-columns-is-layout-flex\" style=\"margin-top:0;margin-bottom:0;padding-right:var(--wp--preset--spacing--50);padding-left:var(--wp--preset--spacing--50)\">\n<div class=\"wp-block-column is-layout-flow wp-container-core-column-is-layout-b108c007 wp-block-column-is-layout-flow\" style=\"padding-right:0;padding-left:0\">\n<figure class=\"wp-block-image aligncenter size-large is-resized is-style-rounded\" style=\"margin-right:0;margin-left:0\"><img loading=\"lazy\" decoding=\"async\" width=\"683\" height=\"1024\" src=\"https:\/\/office44081.fr\/wp-content\/uploads\/2026\/02\/choix-def_Portrait-couleur-1-683x1024.jpg\" alt=\"\" class=\"wp-image-124\" style=\"aspect-ratio:0.666995380702756;object-fit:contain;width:293px;height:auto\" srcset=\"https:\/\/office44081.fr\/wp-content\/uploads\/2026\/02\/choix-def_Portrait-couleur-1-683x1024.jpg 683w, https:\/\/office44081.fr\/wp-content\/uploads\/2026\/02\/choix-def_Portrait-couleur-1-200x300.jpg 200w, https:\/\/office44081.fr\/wp-content\/uploads\/2026\/02\/choix-def_Portrait-couleur-1-768x1152.jpg 768w, https:\/\/office44081.fr\/wp-content\/uploads\/2026\/02\/choix-def_Portrait-couleur-1-1024x1536.jpg 1024w, https:\/\/office44081.fr\/wp-content\/uploads\/2026\/02\/choix-def_Portrait-couleur-1-1365x2048.jpg 1365w, https:\/\/office44081.fr\/wp-content\/uploads\/2026\/02\/choix-def_Portrait-couleur-1-scaled.jpg 1707w\" sizes=\"auto, (max-width: 683px) 100vw, 683px\" \/><\/figure>\n<\/div>\n\n\n\n<div class=\"wp-block-column is-vertically-aligned-center is-layout-flow wp-block-column-is-layout-flow\">\n<h3 class=\"wp-block-heading has-text-align-center\">Ma\u00eetre Florence BOUVIER<\/h3>\n\n\n\n<hr class=\"wp-block-separator has-alpha-channel-opacity\"\/>\n\n\n\n<p class=\"has-text-color has-link-color wp-elements-11c82a38e07afbbdde7165db29e216a0\" style=\"color:#6c8da6\">      Titulaire du Dipl\u00f4me Sup\u00e9rieur du Notariat en 2010 \u00e0 Nantes, et apr\u00e8s plus de vingt ann\u00e9es d\u2019exp\u00e9rience au sein de plusieurs offices notariaux \u00e0 Vannes, Paris et en r\u00e9gion nantaise, j\u2019ai eu l\u2019opportunit\u00e9 de cr\u00e9er mon office notarial \u00e0 Vertou.                            <\/p>\n\n\n\n<p class=\"has-text-align-left has-text-color has-link-color wp-elements-208e71cbe8a5c4b097d0161bf866fcfc\" style=\"color:#6c8da6\">      J&rsquo;interviens dans l&rsquo;ensemble des domaines du droit notarial, \u00e0 savoir le droit de la famille (successions, donations, divorces, changement de r\u00e9gime matrimonial, contrat de mariage, adoption, testament, mandat de protection future), le droit immobilier (ventes, baux) ou encore celui des entreprises (statuts, cessions de parts, pactes dutreils&#8230;)<\/p>\n<\/div>\n<\/div>\n\n\n\n<div class=\"wp-block-buttons is-content-justification-right is-layout-flex wp-container-core-buttons-is-layout-d445cf74 wp-block-buttons-is-layout-flex\">\n<div class=\"wp-block-button has-custom-width wp-block-button__width-50\"><a class=\"wp-block-button__link wp-element-button\" href=\"http:\/\/neenflk.cluster121.hosting.ovh.net\/index.php\/rendez-vous\/\" style=\"border-top-left-radius:25px;border-top-right-radius:25px;border-bottom-left-radius:25px;border-bottom-right-radius:25px\">Prendre rendez-vous<\/a><\/div>\n<\/div>\n\n\n\n<p><\/p>\n","protected":false},"excerpt":{"rendered":"<p>L&rsquo;\u00e9tude Cr\u00e9\u00e9e en f\u00e9vrier 2026 au c\u0153ur de Vertou, l\u2019Office Notarial de Ma\u00eetre Florence BOUVIER vous accueillera lors des moments [&hellip;]<\/p>\n","protected":false},"author":1,"featured_media":0,"parent":0,"menu_order":0,"comment_status":"closed","ping_status":"closed","template":"","meta":{"_uag_custom_page_level_css":"","site-sidebar-layout":"default","site-content-layout":"","ast-site-content-layout":"default","site-content-style":"default","site-sidebar-style":"default","ast-global-header-display":"","ast-banner-title-visibility":"","ast-main-header-display":"","ast-hfb-above-header-display":"","ast-hfb-below-header-display":"","ast-hfb-mobile-header-display":"","site-post-title":"disabled","ast-breadcrumbs-content":"","ast-featured-img":"","footer-sml-layout":"","ast-disable-related-posts":"","theme-transparent-header-meta":"disabled","adv-header-id-meta":"","stick-header-meta":"","header-above-stick-meta":"","header-main-stick-meta":"","header-below-stick-meta":"","astra-migrate-meta-layouts":"default","ast-page-background-enabled":"default","ast-page-background-meta":{"desktop":{"background-color":"var(--ast-global-color-5)","background-image":"","background-repeat":"repeat","background-position":"center center","background-size":"auto","background-attachment":"scroll","background-type":"","background-media":"","overlay-type":"","overlay-color":"","overlay-opacity":"","overlay-gradient":""},"tablet":{"background-color":"","background-image":"","background-repeat":"repeat","background-position":"center center","background-size":"auto","background-attachment":"scroll","background-type":"","background-media":"","overlay-type":"","overlay-color":"","overlay-opacity":"","overlay-gradient":""},"mobile":{"background-color":"","background-image":"","background-repeat":"repeat","background-position":"center center","background-size":"auto","background-attachment":"scroll","background-type":"","background-media":"","overlay-type":"","overlay-color":"","overlay-opacity":"","overlay-gradient":""}},"ast-content-background-meta":{"desktop":{"background-color":"var(--ast-global-color-4)","background-image":"","background-repeat":"repeat","background-position":"center center","background-size":"auto","background-attachment":"scroll","background-type":"","background-media":"","overlay-type":"","overlay-color":"","overlay-opacity":"","overlay-gradient":""},"tablet":{"background-color":"var(--ast-global-color-4)","background-image":"","background-repeat":"repeat","background-position":"center center","background-size":"auto","background-attachment":"scroll","background-type":"","background-media":"","overlay-type":"","overlay-color":"","overlay-opacity":"","overlay-gradient":""},"mobile":{"background-color":"var(--ast-global-color-4)","background-image":"","background-repeat":"repeat","background-position":"center center","background-size":"auto","background-attachment":"scroll","background-type":"","background-media":"","overlay-type":"","overlay-color":"","overlay-opacity":"","overlay-gradient":""}},"footnotes":""},"class_list":["post-28","page","type-page","status-publish","hentry"],"uagb_featured_image_src":{"full":false,"thumbnail":false,"medium":false,"medium_large":false,"large":false,"1536x1536":false,"2048x2048":false},"uagb_author_info":{"display_name":"admin8335","author_link":"https:\/\/office44081.fr\/index.php\/author\/admin8335\/"},"uagb_comment_info":0,"uagb_excerpt":"L&rsquo;\u00e9tude Cr\u00e9\u00e9e en f\u00e9vrier 2026 au c\u0153ur de Vertou, l\u2019Office Notarial de Ma\u00eetre Florence BOUVIER vous accueillera lors des moments [&hellip;]","_links":{"self":[{"href":"https:\/\/office44081.fr\/index.php\/wp-json\/wp\/v2\/pages\/28","targetHints":{"allow":["GET"]}}],"collection":[{"href":"https:\/\/office44081.fr\/index.php\/wp-json\/wp\/v2\/pages"}],"about":[{"href":"https:\/\/office44081.fr\/index.php\/wp-json\/wp\/v2\/types\/page"}],"author":[{"embeddable":true,"href":"https:\/\/office44081.fr\/index.php\/wp-json\/wp\/v2\/users\/1"}],"replies":[{"embeddable":true,"href":"https:\/\/office44081.fr\/index.php\/wp-json\/wp\/v2\/comments?post=28"}],"version-history":[{"count":18,"href":"https:\/\/office44081.fr\/index.php\/wp-json\/wp\/v2\/pages\/28\/revisions"}],"predecessor-version":[{"id":474,"href":"https:\/\/office44081.fr\/index.php\/wp-json\/wp\/v2\/pages\/28\/revisions\/474"}],"wp:attachment":[{"href":"https:\/\/office44081.fr\/index.php\/wp-json\/wp\/v2\/media?parent=28"}],"curies":[{"name":"wp","href":"https:\/\/api.w.org\/{rel}","templated":true}]}}