{"id":273,"date":"2026-02-22T10:32:18","date_gmt":"2026-02-22T10:32:18","guid":{"rendered":"http:\/\/neenflk.cluster121.hosting.ovh.net\/?page_id=273"},"modified":"2026-04-16T12:52:34","modified_gmt":"2026-04-16T11:52:34","slug":"droit-immobilier","status":"publish","type":"page","link":"https:\/\/office44081.fr\/index.php\/droit-immobilier\/","title":{"rendered":"Droit Immobilier"},"content":{"rendered":"\n<div class=\"wp-block-cover alignwide\" style=\"min-height:241px;aspect-ratio:unset;\"><img loading=\"lazy\" decoding=\"async\" width=\"1920\" height=\"646\" class=\"wp-block-cover__image-background wp-image-382\" alt=\"\" src=\"https:\/\/office44081.fr\/wp-content\/uploads\/2026\/03\/Design-sans-titre-e1774000703768.png\" data-object-fit=\"cover\" srcset=\"https:\/\/office44081.fr\/wp-content\/uploads\/2026\/03\/Design-sans-titre-e1774000703768.png 1920w, https:\/\/office44081.fr\/wp-content\/uploads\/2026\/03\/Design-sans-titre-e1774000703768-300x101.png 300w, https:\/\/office44081.fr\/wp-content\/uploads\/2026\/03\/Design-sans-titre-e1774000703768-1024x345.png 1024w, https:\/\/office44081.fr\/wp-content\/uploads\/2026\/03\/Design-sans-titre-e1774000703768-768x258.png 768w, https:\/\/office44081.fr\/wp-content\/uploads\/2026\/03\/Design-sans-titre-e1774000703768-1536x517.png 1536w\" sizes=\"auto, (max-width: 1920px) 100vw, 1920px\" \/><span aria-hidden=\"true\" class=\"wp-block-cover__background has-background-dim\"><\/span><div class=\"wp-block-cover__inner-container is-layout-flow wp-block-cover-is-layout-flow\">\n<h1 class=\"wp-block-heading has-text-align-center has-ast-global-color-7-color has-text-color has-link-color has-large-font-size wp-elements-70df556de2d23d7bb2c9425c3dfe7dee\">Droit Immobilier<\/h1>\n<\/div><\/div>\n\n\n\n<div class=\"wp-block-group is-layout-constrained wp-block-group-is-layout-constrained\">\n<h2 class=\"wp-block-heading\"><strong>S\u00e9curiser chaque \u00e9tape de votre projet immobilier<\/strong><\/h2>\n\n\n\n<p>Qu\u2019il s\u2019agisse d\u2019une acquisition, d\u2019une vente, d\u2019un investissement ou d\u2019un projet immobilier plus complexe, l\u2019office vous accompagne \u00e0 chaque \u00e9tape avec rigueur, clart\u00e9 et s\u00e9curit\u00e9 juridique.<\/p>\n\n\n\n<p>Le droit immobilier implique des enjeux importants, tant sur le plan patrimonial que financier.<br>Notre r\u00f4le est de vous conseiller, de s\u00e9curiser les actes et de veiller \u00e0 la bonne compr\u00e9hension des engagements pris par chacune des parties.<\/p>\n<\/div>\n\n\n\n<div class=\"wp-block-group is-layout-constrained wp-block-group-is-layout-constrained\">\n<h2 class=\"wp-block-heading\"><strong>Nos domaines d\u2019intervention<\/strong><\/h2>\n\n\n\n<div class=\"wp-block-columns is-layout-flex wp-container-core-columns-is-layout-28f84493 wp-block-columns-is-layout-flex\">\n<div class=\"wp-block-column has-border-color has-ast-global-color-3-border-color is-layout-flow wp-block-column-is-layout-flow\" style=\"border-width:2px;padding-top:var(--wp--preset--spacing--30);padding-right:var(--wp--preset--spacing--30);padding-bottom:var(--wp--preset--spacing--30);padding-left:var(--wp--preset--spacing--30)\">\n<div class=\"wp-block-group is-layout-constrained wp-block-group-is-layout-constrained\">\n<h3 class=\"wp-block-heading\">\u25c7 Achat et vente immobili\u00e8re<\/h3>\n\n\n\n<p>Nous vous accompagnons dans vos projets d\u2019acquisition ou de vente, qu\u2019il s\u2019agisse d\u2019une r\u00e9sidence principale, secondaire, d\u2019un investissement locatif ou d\u2019un bien \u00e0 usage professionnel.<\/p>\n\n\n\n<p>Nous intervenons notamment pour :<\/p>\n\n\n\n<ul class=\"wp-block-list\">\n<li>achat ou vente de maison, appartement ou terrain<\/li>\n\n\n\n<li>acquisition en indivision<\/li>\n\n\n\n<li>achat \u00e0 deux<\/li>\n\n\n\n<li>vente de bien en succession ou en indivision<\/li>\n<\/ul>\n<\/div>\n<\/div>\n\n\n\n<div class=\"wp-block-column has-border-color has-ast-global-color-3-border-color is-layout-flow wp-block-column-is-layout-flow\" style=\"border-width:2px;padding-top:var(--wp--preset--spacing--20);padding-right:var(--wp--preset--spacing--40);padding-bottom:var(--wp--preset--spacing--20);padding-left:var(--wp--preset--spacing--40)\">\n<div class=\"wp-block-group is-layout-constrained wp-block-group-is-layout-constrained\">\n<h3 class=\"wp-block-heading\">\u25c7 Avant-contrat et s\u00e9curisation de la vente<\/h3>\n\n\n\n<p>La signature d\u2019un avant-contrat constitue une \u00e9tape essentielle de toute vente immobili\u00e8re.<\/p>\n\n\n\n<p>Promesse de vente, compromis de vente ou contrat de r\u00e9servation : ces actes fixent les conditions de la vente et engagent les parties.<\/p>\n\n\n\n<p>L\u2019office peut vous accompagner dans la pr\u00e9paration, la lecture et la compr\u00e9hension de cet engagement afin de s\u2019assurer qu\u2019il corresponde pleinement \u00e0 votre situation et \u00e0 votre volont\u00e9.<\/p>\n<\/div>\n<\/div>\n<\/div>\n\n\n\n<div class=\"wp-block-columns is-layout-flex wp-container-core-columns-is-layout-28f84493 wp-block-columns-is-layout-flex\">\n<div class=\"wp-block-column has-border-color has-ast-global-color-3-border-color is-layout-flow wp-block-column-is-layout-flow\" style=\"border-width:2px;padding-top:var(--wp--preset--spacing--20);padding-right:var(--wp--preset--spacing--30);padding-bottom:var(--wp--preset--spacing--20);padding-left:var(--wp--preset--spacing--30)\">\n<div class=\"wp-block-group is-layout-constrained wp-block-group-is-layout-constrained\">\n<h3 class=\"wp-block-heading\">\u25c7 Conseil patrimonial et immobilier<\/h3>\n\n\n\n<p>Un projet immobilier s\u2019inscrit souvent dans une r\u00e9flexion plus large.<\/p>\n\n\n\n<p>L\u2019office peut ainsi vous conseiller sur les enjeux li\u00e9s \u00e0 :<\/p>\n\n\n\n<ul class=\"wp-block-list\">\n<li>l\u2019organisation patrimoniale<\/li>\n\n\n\n<li>l\u2019achat en couple<\/li>\n\n\n\n<li>la protection du conjoint<\/li>\n\n\n\n<li>la transmission du bien<\/li>\n\n\n\n<li>la d\u00e9tention immobili\u00e8re \u00e0 titre personnel ou soci\u00e9taire<\/li>\n<\/ul>\n<\/div>\n<\/div>\n\n\n\n<div class=\"wp-block-column has-border-color has-ast-global-color-3-border-color is-layout-flow wp-block-column-is-layout-flow\" style=\"border-width:2px;padding-top:var(--wp--preset--spacing--20);padding-right:var(--wp--preset--spacing--40);padding-bottom:var(--wp--preset--spacing--20);padding-left:var(--wp--preset--spacing--40)\">\n<div class=\"wp-block-group is-layout-constrained wp-block-group-is-layout-constrained\">\n<h3 class=\"wp-block-heading\">\u25c7 Accompagnement avec ou sans agence immobili\u00e8re<\/h3>\n\n\n\n<p>Que votre projet soit r\u00e9alis\u00e9 de particulier \u00e0 particulier ou avec l\u2019interm\u00e9diaire d\u2019une agence immobili\u00e8re, l\u2019\u00e9tude peut intervenir pour vous accompagner et r\u00e9pondre \u00e0 vos interrogations.<\/p>\n\n\n\n<p>Lorsque l\u2019avant-contrat est r\u00e9dig\u00e9 par un interm\u00e9diaire, il demeure essentiel de v\u00e9rifier que l\u2019ensemble des conditions pr\u00e9vues correspondent bien aux attentes et \u00e0 la situation des parties.<\/p>\n<\/div>\n<\/div>\n<\/div>\n<\/div>\n\n\n\n<div class=\"wp-block-group has-ast-global-color-7-background-color has-background is-layout-constrained wp-block-group-is-layout-constrained\">\n<h2 class=\"wp-block-heading\"><strong>Un accompagnement sur mesure<\/strong><\/h2>\n\n\n\n<p>Chaque projet immobilier est unique.<\/p>\n\n\n\n<p>Nous vous accompagnons avec une attention particuli\u00e8re port\u00e9e \u00e0 la s\u00e9curit\u00e9 juridique de l\u2019op\u00e9ration, \u00e0 la clart\u00e9 des engagements et \u00e0 l\u2019anticipation des \u00e9ventuelles difficult\u00e9s.<\/p>\n\n\n\n<p>Notre objectif est de vous permettre d\u2019avancer dans votre projet avec s\u00e9r\u00e9nit\u00e9 et en toute compr\u00e9hension.<\/p>\n<\/div>\n\n\n\n<div class=\"wp-block-group is-layout-constrained wp-block-group-is-layout-constrained\">\n<h2 class=\"wp-block-heading\"><strong>Pr\u00e9parer votre rendez-vous<\/strong><\/h2>\n\n\n\n<p>Selon votre situation, certaines pi\u00e8ces ou informations pourront \u00eatre n\u00e9cessaires \u00e0 l\u2019\u00e9tude, notamment :<\/p>\n\n\n\n<ul class=\"wp-block-list\">\n<li>\u00e9tat civil des parties <\/li>\n\n\n\n<li>informations relatives au bien<\/li>\n\n\n\n<li>titre de propri\u00e9t\u00e9<\/li>\n\n\n\n<li>diagnostics techniques<\/li>\n\n\n\n<li>\u00e9l\u00e9ments de financement<\/li>\n\n\n\n<li>projet de compromis ou de promesse, le cas \u00e9ch\u00e9ant<\/li>\n<\/ul>\n\n\n\n<p>Les documents utiles varient selon la nature de votre projet. L\u2019\u00e9tude vous pr\u00e9cisera les pi\u00e8ces \u00e0 r\u00e9unir en fonction de votre dossier.<\/p>\n\n\n\n<div class=\"wp-block-file alignleft\"><a id=\"wp-block-file--media-4d8453c8-d8cd-4ff6-88d6-89b7eeffeffb\" href=\"https:\/\/office44081.fr\/wp-content\/uploads\/2026\/03\/Questionnaire-etat-civil.pdf\">Questionnaire \u00e9tat civil<\/a><a href=\"https:\/\/office44081.fr\/wp-content\/uploads\/2026\/03\/Questionnaire-etat-civil.pdf\" class=\"wp-block-file__button wp-element-button\" download aria-describedby=\"wp-block-file--media-4d8453c8-d8cd-4ff6-88d6-89b7eeffeffb\">T\u00e9l\u00e9charger<\/a><\/div>\n\n\n\n<div style=\"height:22px\" aria-hidden=\"true\" class=\"wp-block-spacer\"><\/div>\n<\/div>\n\n\n\n<div class=\"wp-block-group has-white-color has-ast-global-color-0-background-color has-text-color has-background has-link-color wp-elements-dde219785d81482e29f8cb462c41b5ee is-layout-constrained wp-block-group-is-layout-constrained\" style=\"padding-top:60px;padding-bottom:60px\">\n<h4 class=\"wp-block-heading has-text-align-center has-white-color has-text-color has-link-color has-large-font-size wp-elements-a479f62c226d33283cfeff5870bb8d8d\">Besoin d&rsquo;un rendez-vous ?<\/h4>\n\n\n\n<p class=\"has-text-align-center\">Contacter l&rsquo;office notarial de Ma\u00eetre Florence BOUVIER pour un rendez-vous personnalis\u00e9.<\/p>\n\n\n\n<div class=\"wp-block-buttons is-content-justification-center is-layout-flex wp-container-core-buttons-is-layout-a89b3969 wp-block-buttons-is-layout-flex\">\n<div class=\"wp-block-button has-custom-width wp-block-button__width-50 is-style-fill\"><a class=\"wp-block-button__link has-ast-global-color-1-color has-ast-global-color-4-background-color has-text-color has-background has-link-color wp-element-button\" href=\"http:\/\/neenflk.cluster121.hosting.ovh.net\/index.php\/rendez-vous\/\" style=\"border-style:none;border-width:0px;border-top-left-radius:25px;border-top-right-radius:25px;border-bottom-left-radius:25px;border-bottom-right-radius:25px;padding-right:0;padding-left:0\">Prendre rendez-vous<\/a><\/div>\n<\/div>\n<\/div>\n\n\n\n<div class=\"wp-block-group is-layout-constrained wp-block-group-is-layout-constrained\">\n<h2 class=\"wp-block-heading has-text-align-center\"><strong>outils de simulation<\/strong><\/h2>\n\n\n\n<div class=\"wp-block-buttons is-content-justification-center is-layout-flex wp-container-core-buttons-is-layout-a89b3969 wp-block-buttons-is-layout-flex\">\n<div class=\"wp-block-button\"><a class=\"wp-block-button__link wp-element-button\" href=\"https:\/\/www.anil.org\/outils\/outils-de-calcul\/diagnostic-de-financement\/\">Diagnostic de financement<\/a><\/div>\n<\/div>\n\n\n\n<div class=\"wp-block-columns alignfull are-vertically-aligned-center is-layout-flex wp-container-core-columns-is-layout-28f84493 wp-block-columns-is-layout-flex\">\n<div class=\"wp-block-column is-vertically-aligned-center is-layout-flow wp-block-column-is-layout-flow\">\n<div class=\"wp-block-buttons alignfull is-horizontal is-content-justification-center is-layout-flex wp-container-core-buttons-is-layout-03627597 wp-block-buttons-is-layout-flex\">\n<div class=\"wp-block-button\"><a class=\"wp-block-button__link has-text-align-center wp-element-button\" href=\"https:\/\/www.immobilier.notaires.fr\/fr\/frais-de-notaire\">Simulateur de frais d&rsquo;acquisition<\/a><\/div>\n<\/div>\n<\/div>\n\n\n\n<div class=\"wp-block-column is-vertically-aligned-center is-layout-flow wp-block-column-is-layout-flow\">\n<div class=\"wp-block-buttons alignfull is-content-justification-center is-layout-flex wp-container-core-buttons-is-layout-a89b3969 wp-block-buttons-is-layout-flex\">\n<div class=\"wp-block-button\"><a class=\"wp-block-button__link has-text-align-center wp-element-button\" href=\"http:\/\/plus-values.notaires.fr\/simulateur\/index.xhtml\">Simulateur de plus-values immobili\u00e8res<\/a><\/div>\n<\/div>\n<\/div>\n<\/div>\n<\/div>\n\n\n\n<p><\/p>\n","protected":false},"excerpt":{"rendered":"<p>S\u00e9curiser chaque \u00e9tape de votre projet immobilier Qu\u2019il s\u2019agisse d\u2019une acquisition, d\u2019une vente, d\u2019un investissement ou d\u2019un projet immobilier plus [&hellip;]<\/p>\n","protected":false},"author":1,"featured_media":0,"parent":0,"menu_order":0,"comment_status":"closed","ping_status":"closed","template":"","meta":{"_uag_custom_page_level_css":"","site-sidebar-layout":"default","site-content-layout":"","ast-site-content-layout":"default","site-content-style":"default","site-sidebar-style":"default","ast-global-header-display":"","ast-banner-title-visibility":"","ast-main-header-display":"","ast-hfb-above-header-display":"","ast-hfb-below-header-display":"","ast-hfb-mobile-header-display":"","site-post-title":"disabled","ast-breadcrumbs-content":"","ast-featured-img":"","footer-sml-layout":"","ast-disable-related-posts":"","theme-transparent-header-meta":"","adv-header-id-meta":"","stick-header-meta":"","header-above-stick-meta":"","header-main-stick-meta":"","header-below-stick-meta":"","astra-migrate-meta-layouts":"default","ast-page-background-enabled":"default","ast-page-background-meta":{"desktop":{"background-color":"var(--ast-global-color-5)","background-image":"","background-repeat":"repeat","background-position":"center center","background-size":"auto","background-attachment":"scroll","background-type":"","background-media":"","overlay-type":"","overlay-color":"","overlay-opacity":"","overlay-gradient":""},"tablet":{"background-color":"","background-image":"","background-repeat":"repeat","background-position":"center center","background-size":"auto","background-attachment":"scroll","background-type":"","background-media":"","overlay-type":"","overlay-color":"","overlay-opacity":"","overlay-gradient":""},"mobile":{"background-color":"","background-image":"","background-repeat":"repeat","background-position":"center center","background-size":"auto","background-attachment":"scroll","background-type":"","background-media":"","overlay-type":"","overlay-color":"","overlay-opacity":"","overlay-gradient":""}},"ast-content-background-meta":{"desktop":{"background-color":"var(--ast-global-color-4)","background-image":"","background-repeat":"repeat","background-position":"center center","background-size":"auto","background-attachment":"scroll","background-type":"","background-media":"","overlay-type":"","overlay-color":"","overlay-opacity":"","overlay-gradient":""},"tablet":{"background-color":"var(--ast-global-color-4)","background-image":"","background-repeat":"repeat","background-position":"center center","background-size":"auto","background-attachment":"scroll","background-type":"","background-media":"","overlay-type":"","overlay-color":"","overlay-opacity":"","overlay-gradient":""},"mobile":{"background-color":"var(--ast-global-color-4)","background-image":"","background-repeat":"repeat","background-position":"center center","background-size":"auto","background-attachment":"scroll","background-type":"","background-media":"","overlay-type":"","overlay-color":"","overlay-opacity":"","overlay-gradient":""}},"footnotes":""},"class_list":["post-273","page","type-page","status-publish","hentry"],"uagb_featured_image_src":{"full":false,"thumbnail":false,"medium":false,"medium_large":false,"large":false,"1536x1536":false,"2048x2048":false},"uagb_author_info":{"display_name":"admin8335","author_link":"https:\/\/office44081.fr\/index.php\/author\/admin8335\/"},"uagb_comment_info":0,"uagb_excerpt":"S\u00e9curiser chaque \u00e9tape de votre projet immobilier Qu\u2019il s\u2019agisse d\u2019une acquisition, d\u2019une vente, d\u2019un investissement ou d\u2019un projet immobilier plus [&hellip;]","_links":{"self":[{"href":"https:\/\/office44081.fr\/index.php\/wp-json\/wp\/v2\/pages\/273","targetHints":{"allow":["GET"]}}],"collection":[{"href":"https:\/\/office44081.fr\/index.php\/wp-json\/wp\/v2\/pages"}],"about":[{"href":"https:\/\/office44081.fr\/index.php\/wp-json\/wp\/v2\/types\/page"}],"author":[{"embeddable":true,"href":"https:\/\/office44081.fr\/index.php\/wp-json\/wp\/v2\/users\/1"}],"replies":[{"embeddable":true,"href":"https:\/\/office44081.fr\/index.php\/wp-json\/wp\/v2\/comments?post=273"}],"version-history":[{"count":64,"href":"https:\/\/office44081.fr\/index.php\/wp-json\/wp\/v2\/pages\/273\/revisions"}],"predecessor-version":[{"id":493,"href":"https:\/\/office44081.fr\/index.php\/wp-json\/wp\/v2\/pages\/273\/revisions\/493"}],"wp:attachment":[{"href":"https:\/\/office44081.fr\/index.php\/wp-json\/wp\/v2\/media?parent=273"}],"curies":[{"name":"wp","href":"https:\/\/api.w.org\/{rel}","templated":true}]}}